 (-329)/(-14) - (-28)/8 is divided by -1 + 2*8 + 0?
12
Suppose -v = 5, 25*v = -4*h + 24*v + 1895. Calculate the remainder when h is divided by 80.
75
Let j(v) = -233*v**3 + 4*v**2 + v + 1. What is the remainder when j(-1) is divided by 20?
17
Let c = 22 - 16. Suppose 0 = -a + 106*a - 4935. Calculate the remainder when a is divided by c.
5
Let g(o) be the second derivative of o**5/20 + 7*o**4/12 + 5*o**3/6 + 3*o**2/2 + 5*o. Calculate the remainder when 3*6/(-15)*(-240)/9 is divided by g(-6).
5
Let k be 5 + -3 - -20 - 4. Suppose 4*i + k - 66 = -4*j, -2*i - 5*j + 30 = 0. Calculate the remainder when 27 is divided by i.
7
Let h = 7 - -6. Suppose -3*z + 19 = h. Calculate the remainder when 4 is divided by z.
0
Suppose 0 = 183*v - 160*v - 1173. What is the remainder when 174 is divided by v?
21
Let r(g) = -g**2 - 2*g + 8. Let o = -94 + 117. What is the remainder when o is divided by r(0)?
7
Suppose 2*d - 54 = -4*k, 3*d - 83 = -3*k - k. Suppose 3*v = 213 + 39. Calculate the remainder when v is divided by d.
26
What is the remainder when 1199 is divided by ((-3)/9)/(2/(-480))?
79
Suppose -15 = m + 2*r, 4*r - 20 = 4*m + 2*r. Let q = -1 - m. Suppose 5*h + q = -4, -10 = -4*d - h. What is the remainder when 10 is divided by d?
1
Let p(k) = k**3 + 12*k**2 - 29*k + 15. Let q be p(-14). Suppose -q = -2*y + 31. What is the remainder when y is divided by 8?
6
Suppose -3*d - 66 = -3*a, -2*a + 7*a + d = 92. What is the remainder when a is divided by 11?
8
Let j(m) = m**3 + 6*m**2 + 2*m + 6. Suppose -3*t + 5*l + 1 = t, -3 = 3*t - 5*l. Suppose t*s + 32 = 64. Calculate the remainder when j(-5) is divided by s.
5
Let l = 232 + -157. Let s be ((-570)/l)/(1/(-10)). Calculate the remainder when s*(-3 + (-75)/(-20)) is divided by 29.
28
Let y = 18 + -35. Let w = 13 + y. Calculate the remainder when ((-2 - w) + 27)*1 is divided by 8.
5
Let j = -55 + 65. Calculate the remainder when 18*j - (17 - 5)/(-3) is divided by 37.
36
Let r(z) = -z**3 + 9*z**2 + 4. Let b be r(9). Let l(j) = 2*j**2 - 8*j + 11. What is the remainder when 31 is divided by l(b)?
9
Suppose 396 = 4*k + 5*x, 5*k - x - 102 = 393. Let l be ((-56)/5)/(3/5 + -1). Suppose 36*c = l*c + 200. What is the remainder when k is divided by c?
24
Suppose 8*q + 170 = 25*q. What is the remainder when 137 is divided by q?
7
Suppose 103 = -5*f + 2*h, -h = 4*f + 4*h + 89. Let p = -10 - f. What is the remainder when p is divided by 3 - ((0 - 1) + 0)?
3
Let l(y) = y**3 - 17*y**2 + 36*y - 35. What is the remainder when l(15) is divided by 17?
4
Suppose -8*q = -2*q - 30. Suppose -q*i = 5*f + 16 - 96, -4*f = -i - 74. Calculate the remainder when f is divided by 10.
8
Suppose -65*p = -73*p + 1816. What is the remainder when p is divided by 46?
43
Let f = -36 - -58. Suppose -5*x = 6*k - 5*k - 30, x - 2*k = -5. Suppose x*i - 74 - 136 = 0. Calculate the remainder when i is divided by f.
20
Suppose 10*i + 0*i - 80 = 0. What is the remainder when (-3)/(-4) + 74/i is divided by 7?
3
Suppose 0 = 3*z - 41*a + 39*a - 171, -a + 285 = 5*z. Calculate the remainder when 168 is divided by z.
54
Let v(q) = q + 59. Suppose 0 = 4*f - 31 + 135. Let l = 42 + f. Calculate the remainder when v(-29) is divided by l.
14
Suppose 5*g + 2*l - 481 = 0, -4*g + 3*l + 69 = -325. Let z(x) = 24*x**3 - x**2 + x + 1. Calculate the remainder when g is divided by z(1).
22
What is the remainder when 214 - 12/(-7 - (-44)/8) is divided by 59?
45
Let g(m) = 2*m + 66. What is the remainder when g(15) is divided by 17?
11
Suppose -123 = -3*v + 51. Suppose -4*m + 11 = -49. What is the remainder when v is divided by m?
13
Suppose r = 5*r - 28. Suppose -234 = 10*u - 754. Suppose -4*w + 0*w = -u. What is the remainder when w is divided by r?
6
Let u be (-4)/16 - (-69)/(-12). Let t be 6/8 + (-132)/(-16). Calculate the remainder when u/(-2) + t - 3 is divided by 4.
1
Let k(f) = -5*f + 30. Let g = 6 - 4. What is the remainder when k(5) is divided by g?
1
Suppose m = -m + 4. Suppose m + 6 = 2*f. Suppose -255 - 480 = -49*d. Calculate the remainder when d is divided by f.
3
Suppose 0 = 5*v + 20, -v - 12 = -4*u + 2*u. What is the remainder when 36 is divided by (1*-8)/u - -15?
10
Let b = -279 + 364. What is the remainder when b is divided by 46?
39
Suppose 16*o - 3*h + 118 = 20*o, 70 = 2*o - 4*h. Calculate the remainder when 77 is divided by o.
15
Let d be 448/6 - 12/18. Let o be (1 - 4)/((-6)/d). Let f = o - 24. What is the remainder when 25 is divided by f?
12
Let p(o) = -o**3 + 8*o**2 - 7*o - 4. Suppose 6 = 21*b - 24*b. Let y = b + 11. What is the remainder when p(6) is divided by y?
8
Suppose 0 = -5*s + 25, -2*s + 341 = b - 5*s. What is the remainder when b is divided by 40?
36
Suppose n + 3 - 1 = 0. Let g = -2531 - -2559. Calculate the remainder when g is divided by 11 - (n/(-2) + 0).
8
Suppose 450 - 8 = 34*o. Calculate the remainder when 2248 is divided by o.
12
Calculate the remainder when 79 is divided by 660/8*60/75.
13
Suppose -12 + 228 = 4*c. Suppose -20*j - c = -22*j. Calculate the remainder when j is divided by 14.
13
Suppose 13*n = 11*n. Suppose n*y = 9*y - 135. What is the remainder when y is divided by 9?
6
Let r = -158 - -363. What is the remainder when r is divided by 15?
10
Suppose 0 = -5*d + 12*d - 371. Calculate the remainder when 101 is divided by d.
48
Let l = 268 - 448. Calculate the remainder when -2*(-1 - (l/(-8) - 3)) is divided by 22.
19
What is the remainder when 39 is divided by (3 + -5)/(-2)*14?
11
Suppose -8*d = -16*d + 256. Let x(s) = -s**3 + 8*s**2 + 5*s + 9. Calculate the remainder when x(7) is divided by d.
29
Let g(t) = t**2 - 2*t - 9. Let z be g(-5). Calculate the remainder when (-3087)/(-39) - 4/z is divided by 16.
15
Let k(c) = 5*c**3 - c**2. Let i be k(2). Calculate the remainder when 1002/i + -3 + (-2)/(-12) is divided by 11.
3
Suppose -w + 3*w - 8 = 0. Let l = 46 - 39. Let j(c) = c**2 - 7*c + 2. Calculate the remainder when w is divided by j(l).
0
Let t(j) be the third derivative of j**5/60 + 3*j**4/8 + 4*j**3/3 + 20*j**2. What is the remainder when t(-11) is divided by 12?
6
Suppose -132*n = -101*n - 3339 + 1231. Suppose 3*j + 24 = 4*j. What is the remainder when n is divided by j?
20
What is the remainder when 5114/16 + ((-140)/(-32) - 4) is divided by 14?
12
Let d = 38 + -46. Calculate the remainder when 77 is divided by d/(-1)*(-2 + 4).
13
Let k = 35 + -29. Let d(h) = h**3 - 7*h**2 + 20*h - 3. What is the remainder when d(6) is divided by k?
3
Suppose -4*q = 5*d - 19, 3*d - q - 15 - 10 = 0. Suppose -24*h = -147 - 453. What is the remainder when h is divided by d?
4
Let q(r) = -13*r + 18. Calculate the remainder when 376 is divided by q(0).
16
Suppose 5*b = 3*d + 374, 0 = b - 5*d - 119 + 31. Let q = b + 65. What is the remainder when q is divided by 35?
33
Suppose -51 - 321 = -4*z. Suppose -72 = -3*n + 8*k - 4*k, 0 = 4*n + k - 96. Calculate the remainder when z is divided by n.
21
Suppose -919*v - 81 = -920*v. Calculate the remainder when 232 is divided by v.
70
Let u(c) = c**3 - 3*c**2 - 5*c + 427. What is the remainder when u(0) is divided by 62?
55
Let p = 8 - 5. Suppose -2*v + 16 = -4*z, p*v = -4*z + z + 6. Calculate the remainder when 1521/171 - (-10)/95 is divided by v.
1
Let i = -373 - -431. What is the remainder when i is divided by 15?
13
Let n(u) be the second derivative of -u**3/6 + 37*u**2/2 - 3*u. What is the remainder when ((-16)/6)/(-2)*33 is divided by n(14)?
21
Suppose -137*z + 2130 = -127*z. Calculate the remainder when z is divided by 116.
97
Suppose 5*d = 3*t + 13, 4*t - 5*d + 7 = 2*t. Let b(o) = -10*o + 12. Suppose -2*g + 75 = g. Calculate the remainder when b(t) is divided by g.
22
Let o(r) = 12*r**2 - 24*r + 30. What is the remainder when o(11) is divided by 61?
59
Let q = 136 - 108. What is the remainder when 503 is divided by q?
27
Let i(u) = -2*u - 15. Let b be i(-9). Suppose 30 = 3*a - 0*p + 2*p, b*a + 3*p - 30 = 0. What is the remainder when 39 is divided by a?
9
What is the remainder when 33 is divided by (-4)/(-14) - (-10 - 96/56)?
9
Let v = 501 - 245. What is the remainder when v is divided by 37?
34
What is the remainder when 92 is divided by 4/(56/(-98)) - 17*-1?
2
Let i be (-7 + 1 + -3)/1. Let r(z) = z**3 + 11*z**2 + 3*z + 12. Let o be r(i). What is the remainder when o/6 + 6/(-4) is divided by 12?
